vided by 250952.
76
What is the remainder when 10316417 is divided by 1779?
1775
What is the remainder when 42966 is divided by 8577?
81
What is the remainder when 59466 is divided by 2359?
491
Calculate the remainder when 112962 is divided by 342.
102
What is the remainder when 1509661 is divided by 1110?
61
What is the remainder when 290165 is divided by 350?
15
What is the remainder when 3602777 is divided by 462?
101
What is the remainder when 984737 is divided by 110?
17
Calculate the remainder when 74117 is divided by 40.
37
Calculate the remainder when 131061 is divided by 4522.
4445
Calculate the remainder when 36557 is divided by 905.
357
Calculate the remainder when 201181 is divided by 1971.
139
Calculate the remainder when 9168656 is divided by 9880.
16
What is the remainder when 41699 is divided by 13710?
569
Calculate the remainder when 1195976 is divided by 1065.
1046
What is the remainder when 136164 is divided by 1518?
1062
Calculate the remainder when 129793 is divided by 12719.
2603
What is the remainder when 36129928 is divided by 709?
706
What is the remainder when 12474502 is divided by 371?
369
What is the remainder when 7632 is divided by 1495?
157
What is the remainder when 255774102 is divided by 3483?
3480
Calculate the remainder when 90216060 is divided by 858.
792
Calculate the remainder when 889073 is divided by 583.
581
Calculate the remainder when 542706 is divided by 77389.
983
What is the remainder when 37842 is divided by 3135?
222
What is the remainder when 237577 is divided by 3051?
2650
Calculate the remainder when 10374072 is divided by 3434.
3392
Calculate the remainder when 171789540 is divided by 2763.
15
What is the remainder when 676152 is divided by 44?
4
Calculate the remainder when 15541472 is divided by 1480.
1472
What is the remainder when 3527982 is divided by 173?
166
What is the remainder when 7169142 is divided by 2389693?
63
Calculate the remainder when 1571867 is divided by 64.
27
Calculate the remainder when 527417 is divided by 3382.
3207
Calculate the remainder when 210068 is divided by 104752.
564
What is the remainder when 1891597 is divided by 297?
4
Calculate the remainder when 7362875 is divided by 2240.
2235
What is the remainder when 100786772 is divided by 709766?
0
Calculate the remainder when 1277658 is divided by 491.
76
Calculate the remainder when 29295823 is divided by 15.
13
Calculate the remainder when 25786631 is divided by 2627.
2626
Calculate the remainder when 194469 is divided by 32114.
1785
What is the remainder when 161210 is divided by 4768?
3866
Calculate the remainder when 166909 is divided by 601.
432
What is the remainder when 1732675 is divided by 247525?
0
Calculate the remainder when 16340 is divided by 4084.
4
Calculate the remainder when 477382 is divided by 1669.
48
What is the remainder when 1140162 is divided by 1655?
1522
What is the remainder when 472668 is divided by 55?
53
What is the remainder when 2744519 is divided by 924?
239
What is the remainder when 2211047 is divided by 775?
747
Calculate the remainder when 32624026 is divided by 562483.
12
What is the remainder when 2191407969 is divided by 767?
764
Calculate the remainder when 244052 is divided by 446.
90
Calculate the remainder when 40082642 is divided by 153.
8
Calculate the remainder when 3753646 is divided by 74.
70
Calculate the remainder when 15926866 is divided by 5308940.
46
What is the remainder when 40458599 is divided by 190?
189
What is the remainder when 51588 is divided by 737?
735
What is the remainder when 28170395 is divided by 26?
19
Calculate the remainder when 3852809 is divided by 803.
15
Calculate the remainder when 14457561 is divided by 153.
132
Calculate the remainder when 27735847 is divided by 1784.
1783
Calculate the remainder when 65724 is divided by 10187.
4602
What is the remainder when 20804246 is divided by 5808?
5798
What is the remainder when 40027250 is divided by 110?
10
Calculate the remainder when 152958 is divided by 1777.
136
Calculate the remainder when 144662 is divided by 236.
230
What is the remainder when 19856 is divided by 9487?
882
What is the remainder when 59352325 is divided by 1624?
1621
What is the remainder when 20854671 is divided by 21?
12
Calculate the remainder when 63813197 is divided by 516.
509
What is the remainder when 26233156 is divided by 83?
10
What is the remainder when 14792046 is divided by 4581?
4578
What is the remainder when 3946677 is divided by 11?
9
Calculate the remainder when 24713592 is divided by 12356786.
20
What is the remainder when 68363880 is divided by 8786?
14
What is the remainder when 1036644 is divided by 7404?
84
Calculate the remainder when 99239260 is divided by 1118.
1108
What is the remainder when 113633001 is divided by 28408240?
41
Calculate the remainder when 136680677 is divided by 29.
23
What is the remainder when 11321590 is divided by 572?
566
Calculate the remainder when 11111695 is divided by 118.
107
Calculate the remainder when 629842 is divided by 901.
43
Calculate the remainder when 102454161 is divided by 210.
201
Calculate the remainder when 88289365 is divided by 21.
10
What is the remainder when 190286 is divided by 109?
81
Calculate the remainder when 53723818 is divided by 17907938.
4
What is the remainder when 460544 is divided by 637?
630
What is the remainder when 36242 is divided by 641?
346
What is the remainder when 3421889 is divided by 488833?
58
What is the remainder when 94728 is divided by 194?
56
Calculate the remainder when 128542664 is divided by 4631.
4628
What is the remainder when 14481281 is divided by 308112?
17
What is the remainder when 497689 is divided by 97?
79
What is the remainder when 93435 is divided by 18614?
365
What is the remainder when 530005 is divided by 9789?
1399
What is the remainder when 213435 is divided by 796?
107
What is the remainder when 190705255 is divided by 49?
48
What is the remainder when 62763699 is divided by 5851?
22
What is the remainder when 2652579 is divided by 38998?
715
What is the remainder when 694138 is divided by 257?
238
What is the remainder when 1721022 is divided by 6493?
377
Calculate the remainder when 69772 is divided by 3313.
199
What is the remainder when 1229528 is divided by 61476?
8
Calculate the remainder when 1986511 is divided by 66.
43
What is the remainder when 4608 is divided by 4145?
463
What is the remainder when 426193 is divided by 356?
61
Calculate the remainder when 32514 is divided by 32046.
468
Calculate the remainder when 92324880 is divided by 68.
56
Calculate the remainder when 4845341 is divided by 36159.
35
Calculate the remainder when 385162215 is divided by 284.
279
Calculate the remainder when 403382 is divided by 202.
190
What is the remainder when 75506 is divided by 34?
26
Calculate the remainder when 3460785 is divided by 2458.
2379
Calculate the remainder when 33454 is divided by 10926.
676
Calculate the remainder when 229445 is divided by 423.
179
What is the remainder when 415826324 is divided by 13610?
13604
Calculate the remainder when 107416 is divided by 4223.
1841
What is the remainder when 6187553 is divided by 8?
1
What is the remainder when 2441962 is divided by 1220928?
106
Calculate the remainder when 407730 is divided by 887.
597
What is the remainder when 19376641 is divided by 25230?
1
Calculate the remainder when 11256501 is divided by 11313.
66
What is the remainder when 56929430 is divided by 67?
66
What is the remainder when 7281727 is divided by 1040229?
124
Calculate the remainder when 116800 is divided by 58324.
152
Calculate the remainder when 241297 is divided by 10961.
155
What is the remainder when 45164186 is divided by 2258208?
26
What is the remainder when 333287 is divided by 23799?
101
What is the remainder when 417955 is divided by 208972?
11
What is the remainder when 629472 is divided by 545?
542
Calculate the remainder when 1830847 is divided by 803.
7
Calculate the remainder when 93569346 is divided by 8.
2
What is the remainder when 172571 is divided by 2927?
2805
Calculate the remainder when 20264 is divided by 2483.
400
What is the remainder when 3800327 is divided by 2463?
2381
What is the remainder when 1532230 is divided by 666